 2. Suppose -2*f - 3*f = 5, 2*f = 2*p - 2. What is the tens digit of r/(-1) + (p - -32)?
3
Let q be 2/(-4)*(0 - 2) - -59. What is the units digit of (-2)/q*-6 + (-788)/(-10)?
9
Let f = -4 + 7. Let t(o) = o**3 + o**2 - 8*o - 2. Let s be t(-3). Suppose s = f*w - w. What is the units digit of w?
2
Suppose 7*t + 21 = -0*t. What is the hundreds digit of (-6 + -14)/(t/(-45)*-2)?
1
Let g be (-12)/(-6)*(99/2 - 0). Suppose z + 5*u = g, 6 = -3*u + 21. What is the units digit of z?
4
Let x(l) = l**2 - l - 4. Let w be x(3). Suppose w*h + 4*k - 156 = 0, 3*h + 3*k - 152 = h. What is the units digit of h?
0
Let k = 31 - 28. Let f(m) = m**2 + m. Let b(q) = -q**2 - 5*q - 2. Let n(p) = b(p) + 6*f(p). What is the tens digit of n(k)?
4
Let y(j) = -608*j - 28. What is the hundreds digit of y(-6)?
6
Suppose -36 = -2*j + 6*j. Let z(b) = b**3 + 10*b**2 + 10*b + 12. Let g be z(j). Suppose -98 + 17 = -g*i. What is the tens digit of i?
2
Let r = 714 + -126. What is the units digit of r?
8
Let v = 0 - -90. What is the tens digit of v?
9
Suppose -4*f = 4*w - 16568, -8*f + 25*w - 26*w = -33108. What is the units digit of f?
8
Suppose 0 = -v - 5*l + 29, -5 = -l - 0. Let n be (v/20)/((-4)/(-40)). Suppose 5*b + 204 = 4*x, -n*b + 6*b - 122 = -3*x. What is the tens digit of x?
4
Suppose -79*u + 75*u + 32 = 0. What is the units digit of u?
8
Let f = -8486 - -14586. What is the units digit of f?
0
Let l(n) be the first derivative of -n**4/4 - 8*n**3/3 - 2*n**2 + 3*n + 155. Let v be 2/1 - (-2 + 12). What is the units digit of l(v)?
5
Let b be 280/(-21)*24/(-10). Suppose -30 = -2*z + b. What is the tens digit of z?
3
Let x(t) = -14*t**2 + 5*t - 8. Let i be x(5). What is the units digit of ((-1)/(-3))/((-3)/i)?
7
Let f = -93 - -177. Suppose -3*h + 126 + f = 0. What is the units digit of h?
0
What is the units digit of 70*((-106)/(-80) + (-3)/24)?
4
What is the hundreds digit of 7*46 + (-3 - (-1 + 1))?
3
Let y(c) be the third derivative of 5*c**4/24 + 13*c**3/6 + 5*c**2. Let v(f) = 6*f + 13. Let u(m) = -4*v(m) + 5*y(m). What is the units digit of u(-6)?
7
Suppose -2 = 2*v - 3*c, c - 3 - 3 = -2*v. Let y be 1 + (v - 1) + -2. Suppose 2*a + q = -y*a + 19, -4*q = 3*a - 26. What is the tens digit of a?
1
Let y be -4 - -3 - (1 + -3). Let z = y - -25. What is the units digit of z?
6
Let m(y) = -12*y - 134. What is the tens digit of m(-33)?
6
What is the units digit of 237*(-13)/(39/(-23))?
7
Suppose 3 = -y + 5*m - 76, -2*y - 193 = -3*m. Let k = -64 - y. What is the tens digit of k?
4
Let s(d) = -d**3 - 3*d**2 - 3*d. Let f be s(-3). Suppose -707 = -f*m + 2*m. What is the hundreds digit of m?
1
Let m(z) = 23*z**3 - 2*z**2 + z + 6. Let x be m(3). Suppose -4*g - 3*f = -367 - 460, -x = -3*g - 5*f. What is the tens digit of g?
0
Suppose 2*z - 388 = -2*s + 4*s, -5*z - s + 1000 = 0. What is the hundreds digit of z?
1
Suppose 4*u - u - 150 = -5*g, 0 = -4*u. What is the units digit of (134/(-5))/(g/(-75))?
7
Suppose -3*v + 3*y = -9234, 3*y = 10*v - 13*v + 9246. What is the tens digit of v?
8
Let t(b) = 145*b - 6. What is the units digit of t(6)?
4
Let u = -38 - -148. What is the tens digit of u?
1
Suppose 0 = b - 4*w - 11, 3 = -w - 1. Let y(v) = 10*v**2 + v - 17. What is the hundreds digit of y(b)?
2
Let s be 10/4 - (-21)/14. Suppose -s*r + r = -3*c - 96, 3*r + 5*c = 56. What is the units digit of r?
7
Suppose 0 = 8*r - 231 - 225. What is the units digit of r?
7
Suppose 0 = -t + 4*t. Let s be 0 - (-3 + t + 0). Suppose -2*a + s - 1 = 0. What is the units digit of a?
1
Suppose -5*k = -4*i - 42, -5*k - i + 22 = -3*k. What is the units digit of 3*2*(15 - k)?
0
What is the hundreds digit of 919 + (0 - (3 + -13))?
9
Let a = -18 + 3. Let m = a + 16. What is the units digit of m?
1
Suppose d + 3*x = 274, -d - 4*x - x = -264. Let m = -168 + d. What is the units digit of m?
1
Let i = 45 + 12. Let l = i + -9. What is the units digit of l?
8
Let k = 51 - 36. Suppose -k = -3*a, 3 + 0 = 4*s - 5*a. What is the units digit of s?
7
Suppose -2*l = -4*z - 1038, -2481 + 415 = -4*l - 2*z. Suppose 0 = -6*g + 413 + l. What is the units digit of g?
5
Let k = 1566 - 581. What is the tens digit of k?
8
Suppose -5*g + 94 - 29 = 0. Let p = g - 11. Suppose -2*a + 4 - p = 0. What is the units digit of a?
1
Suppose 1687 = 11*m - 2306. What is the units digit of m?
3
Let q be (9/(-3) - -2)*63/1. Let c = 89 + q. What is the tens digit of c?
2
Let p = -23 + 24. Let h(j) = 2*j - 1. Let r be h(p). What is the units digit of (-1)/r + (-88)/(-2)?
3
Let d(o) = 2*o**2 + 2*o. Let k be d(-2). Let m(z) = 1 - 4*z + 3 - 2*z**3 - k*z**2 + z**3. What is the tens digit of m(-4)?
2
Suppose -42*g + 43*g - 4 = 0. What is the tens digit of 3 - (10 - g) - -134?
3
Let g be 3*((-16)/12 - -2). Let m(b) = b**2 - 2*b + 2. Let r be m(g). Suppose 2*y + 2*x - 125 = -y, -5*y + 235 = -r*x. What is the units digit of y?
5
Let z(s) = 8*s - 9. Let f be z(6). Suppose -4*h - 32 = w, -3*h - 18*w - 24 = -19*w. Let j = h + f. What is the units digit of j?
1
Let u be 8/14 + (-32710)/35. What is the units digit of (-16)/(-56) + u/(-14)?
7
Let o(w) = -2*w**2 + 3*w + 3 - 9*w**3 - w**3 - 4 + 8*w**3. Let j be o(1). What is the tens digit of (-2)/(j/3) - -31?
3
Suppose -2*s + b = -714, 4*b = s - 4*s + 1049. What is the hundreds digit of s?
3
Suppose -5*v - 116 = -2*j, -3*j + 290 = 2*j + v. Suppose -j - 114 = -4*i. What is the tens digit of i?
4
Let x(g) = -11*g + 22. Let h be x(-4). What is the tens digit of h/((2/3)/1)?
9
Let d(r) = r + 16. Let i be d(-5). Suppose -3*g = -4*c + 2*c + 74, 5*g = -c + i. What is the tens digit of c?
3
Suppose s - 7 - 13 = 0. Suppose o = -3*o - s. Let z(j) = -6*j - 6. What is the units digit of z(o)?
4
Let p(s) = s**3 + 12*s**2 + 12*s + 20. Let f be p(-11). Suppose 3*b - 391 = -4*h, -h = f*b - 6*b - 397. What is the hundreds digit of b?
1
Suppose -3*t + 0*t + 525 = 3*k, -3*k - 5*t + 517 = 0. Let b = k + -79. What is the units digit of b?
0
Suppose 2*n - 3 = t - 4, 0 = 5*t - 4*n - 11. Suppose 2*b - 4 = t*b - 5*o, o + 30 = 3*b. What is the units digit of b?
1
Let g be (-1)/(((-10)/8)/5). Suppose p + 5 - 4 = -k, k + 7 = -g*p. What is the units digit of (k + -2)/(5/(-100))?
0
Let g be (-4)/1 + (0 - -2). Let o be g - -229 - (6 + -6). Suppose -4*u - 3*k = -6*k - o, 4*u + 3*k = 197. What is the tens digit of u?
5
Suppose -3*p = 12, -p + 5*p = 3*x - 1111. What is the units digit of x?
5
Let g(i) = -26*i + 22. Let f be g(-11). Let o = f - 176. What is the hundreds digit of o?
1
Let f(g) = -3*g - 10. Let w be f(-3). What is the units digit of ((-4)/(-5))/(w/(-30))?
4
Suppose 21*u = 7174 + 26573. What is the hundreds digit of u?
6
Let a = -142 - -472. What is the hundreds digit of a?
3
Let a(j) = 4*j + 2. Let l(n) = -n**3 + 4*n**2 - 3*n + 1. Let o be l(3). Let g be a(o). Let t(m) = 4*m + 1. What is the tens digit of t(g)?
2
Let v(r) = 64*r - 1. Let d(n) = n - 10. Let z be d(11). What is the units digit of v(z)?
3
Let k(p) = -2*p + 2. Let a be k(1). Suppose -5*q - 4 - 36 = a. Let w = q - -15. What is the units digit of w?
7
Let a be 162/39 - 12/78. Let z = 8 + a. What is the units digit of z?
2
Let z = -105 + 105. Suppose r + 4*o - 112 - 140 = 0, z = -3*r + 4*o + 836. What is the tens digit of r?
7
What is the units digit of (7 - 6)*(-626)/(-1)?
6
Suppose 842 + 625 = 3*q. What is the hundreds digit of q?
4
Let b = -4653 + 8788. What is the units digit of b?
5
Let z = -5816 + 9544. What is the hundreds digit of z?
7
Let j = 382 - 164. Let q = j + -136. What is the units digit of q?
2
Let v(h) be the second derivative of 2*h**3/3 + 6*h**2 - 6*h. Let z be v(-5). Let y(g) = -g + 6. What is the units digit of y(z)?
4
Suppose -5*n = -3*n - 22. Suppose n*s - 252 = 4*s. What is the units digit of s?
6
Suppose -32*w + 27425 + 5055 = 0. What is the units digit of w?
5
Suppose 73 - 6786 = -7*o. What is the units digit of o?
9
Let j = 35 + -30. Suppose -12*m + 7*m - j = 0, 4*m - 840 = -4*k. What is the tens digit of k?
1
Let q be 6/21 + 26/7. What is the units digit of (20/(-6) + q)*33?
2
Let g = 815 + -455. Suppose 3*j + 2*j = -5*f + g, 5*f + 224 = 3*j. What is the tens digit of j?
7
What is the hundreds digit of (-2 + -303)/(28/(-56))?
6
Suppose -4*r = 5*k - 5 - 9, 2*r - 6 = -2*k. Suppose 3*t - 252 = 2*f, 2*t - 3*f - 157 = k*f. What is the units digit of t?
6
Let 